10
-87213
What is -15286102 (base 9) in base 7?
-121504541
Convert -2042210020 (base 5) to base 4.
-100033101311
What is 43614061 (base 7) in base 15?
4e1987
What is -149433 (base 15) in base 8?
-3623656
Convert -10200010212 (base 3) to base 6.
-1314335
Convert 100100000111100111 (base 2) to base 4.
210013213
Convert 4403443404 (base 5) to base 13.
1c55744
Convert -1a6ab80 (base 12) to base 4.
-111123200100
Convert 105162566 (base 7) to base 5.
3113311423
What is 38783 (base 12) in base 9?
126730
What is 775b37 (base 12) in base 13?
51573a
Convert 635156 (base 7) to base 8.
326432
What is 747d3 (base 16) in base 3?
220020111211
Convert -403423103 (base 6) to base 8.
-32226417
What is 1010110100001001101010 (base 2) in base 11?
1667019
What is 798901 (base 15) in base 11?
3301919
What is -2918b5 (base 15) in base 8?
-7432510
What is -66066576 (base 8) in base 14?
-1c53050
What is -38612 (base 10) in base 2?
-1001011011010100
What is 12302a (base 13) in base 2?
1101010001101100010
Convert -645 (base 10) to base 8.
-1205
What is -100001000000101000110 (base 2) in base 10?
-1081670
-10483 (base 15) to base 14
-14b72
-d2eb11 (base 16) to base 5
-12014311422
What is 100110000101110011 (base 2) in base 14?
40c03
Convert 2159953 (base 11) to base 8.
16353250
Convert -1b60344 (base 13) to base 8.
-42514121
Convert -12faf0 (base 16) to base 7.
-13400332
176c (base 13) to base 14
139c
-311032202132 (base 4) to base 8
-65164236
What is 4426d (base 14) in base 8?
502411
Convert 460753 (base 9) to base 12.
1139a9
What is -12010000222102 (base 3) in base 6?
-134122315
Convert 1856369 (base 11) to base 10.
3141598
What is -414431 (base 7) in base 6?
-1305415
Convert 1302404321 (base 5) to base 7.
35640022
Convert -2aaab (base 16) to base 14.
-47991
Convert 122101221021 (base 3) to base 9.
571837
Convert -3acd (base 16) to base 15.
-46d8
What is 11110001010110100011 (base 2) in base 10?
988579
What is -2210055 (base 6) in base 15?
-229b5
Convert 3990313 (base 10) to base 6.
221305401
What is 271a60 (base 12) in base 16?
9dba8
What is 25022 (base 13) in base 7?
402434
Convert 20230212 (base 4) to base 5.
2114442
-25539 (base 14) to base 3
-11122121222
-1633140 (base 8) to base 5
-110111142
What is 2a2ac69 (base 13) in base 16?
cd324b
What is -4513343 (base 6) in base 3?
-102120012000
What is 1643acb (base 13) in base 10?
7177259
What is 13412102 (base 5) in base 10?
138402
153905 (base 15) to base 7
11465222
205051 (base 8) to base 13
25024
Convert -811151 (base 11) to base 13.
-368a37
Convert 4181507 (base 9) to base 12.
8bb48a
-370275 (base 9) to base 5
-24121204
-374785 (base 11) to base 15
-ba5a4
Convert 176037 (base 9) to base 6.
2202224
-53943 (base 10) to base 8
-151267
What is 100100211021 (base 3) in base 8?
547765
-60505654 (base 7) to base 14
-94c19b
What is 84692a3 (base 11) in base 5?
12304314442
-273604 (base 11) to base 2
-1101000110100000000
What is -437968 (base 10) in base 9?
-736701
Convert 1a1ab7 (base 16) to base 10.
1710775
-111211223 (base 4) to base 14
-24323
Convert 966673 (base 11) to base 10.
1546097
What is 2112223 (base 6) in base 5?
11243103
Convert 5544154 (base 8) to base 2.
101101100100001101100
What is 11010010110110000 (base 2) in base 5?
11423302
Convert -33a183 (base 15) to base 2.
-1001011001100101100010
-6cb2a (base 16) to base 9
-747655
What is -2212444011 (base 5) in base 16?
-496e5d
What is -1212011020200 (base 3) in base 15?
-1477b6
Convert 211000222210 (base 3) to base 4.
1221321111
Convert 12120120111 (base 3) to base 11.
7551a
What is 810587 (base 9) in base 16?
750cd
-103737 (base 10) to base 15
-20b0c
What is -215124 (base 6) in base 5?
-1033410
Convert -11110220001 (base 3) to base 15.
-1b1a4
-2162350 (base 7) to base 9
-446687
What is 4cf5f (base 16) in base 3?
121000102020
-160624b (base 15) to base 6
-1330124142
49d04a (base 14) to base 10
2532778
-2123110 (base 6) to base 15
-20dd0
What is 400645 (base 8) in base 10?
131493
Convert 12332131113 (base 4) to base 11.
1039a20
34042102 (base 5) to base 7
2355423
-24326666 (base 7) to base 3
-11002111221212
What is 34531225 (base 6) in base 16?
1051c1
-1622522 (base 8) to base 13
-135207
Convert -908d8c (base 14) to base 10.
-4865040
-4139827 (base 11) to base 8
-33672002
What is 112122202 (base 4) in base 8?
263242
What is -1042133335 (base 6) in base 11?
-6420292
-3b351 (base 16) to base 5
-30230023
-c3afd (base 16) to base 6
-25102445
Convert -211201221000 (base 3) to base 7.
-3542550
8b138c (base 13) to base 11
1945907
What is -1b4fff (base 16) in base 9?
-3327314
Convert 110031321222 (base 4) to base 3.
100222020222120
-125a370 (base 12) to base 13
-992c13
Convert 99841 (base 10) to base 11.
69015
What is 43489 (base 15) in base 5?
23314104
Convert -33653 (base 8) to base 4.
-3132223
What is -cc (base 16) in base 13?
-129
32550141 (base 6) to base 16
eee6d
212104204 (base 5) to base 9
1612671
Convert -10100011110000111000 (base 2) to base 13.
-1a6412
What is -776144 (base 9) in base 5?
-104320030
-bed1 (base 16) to base 2
-1011111011010001
-a1a26 (base 13) to base 14
-77729
-5424ac (base 14) to base 5
-1212133313
Convert -dce4a8 (base 15) to base 9.
-21725235
Convert -10010001011001010000 (base 2) to base 4.
-2101121100
What is -73557 (base 11) in base 9?
-172872
Convert -5300022 (base 6) to base 10.
-256622
-1a246 (base 16) to base 10
-107078
Convert -667068 (base 10) to base 15.
-d29b3
c1bb05 (base 15) to base 12
30b97a2
189052 (base 11) to base 3
112202002201
Convert -1895c (base 15) to base 7.
-451320
What is -121303003 (base 4) in base 9?
-170847
374238 (base 9) to base 2
110111001110001011
Convert 2122032113 (base 4) to base 16.
9a397
Convert 2305666 (base 11) to base 8.
17306300
Convert -94ca13 (base 14) to base 15.
-69510a
Convert -140c40 (base 13) to base 8.
-1670301
Convert 2a8a8a1 (base 11) to base 13.
113080c
Convert 9a994 (base 12) to base 9.
342564
267057 (base 9) to base 2
100111101100111011
Convert -36276 (base 9) to base 4.
-11323200
720237 (base 8) to base 2
111010000010011111
Convert 479c86 (base 16) to base 14.
8a2474
-6431141 (base 7) to base 4
-2332213022
2b2246 (base 12) to base 6
23345330
1101111011011111000001 (base 2) to base 7
43015556
What is -12212122221012 (base 3) in base 4?
-23322130223
110021120012202 (base 3) to base 5
3132314123
Convert 1001001100011001110 (base 2) to base 8.
1114316
Convert -6760456 (base 8) to base 3.
-10102211100001
947334 (base 10) to base 11
597823
1419079 (base 12) to base 15
545663
Convert 4b9b67 (base 14) to base 10.
2600815
Convert 22874 (base 11) to base 12.
17115
What is -23446765 (base 8) in base 13?
-10a8a62
Convert -3045253 (base 6) to base 8.
-435641
Convert -ae4d34 (base 15) to base 6.
-454145434
-1230235030 (base 6) to base 3
-222220101011200
Convert a3a3c5 (base 13) to base 15.
507351
What is 2201112110210 (base 3) in base 10?
1447410
3ba630 (base 13) to base 14
29ab61
Convert 126639a (base 12) to base 10.
3618982
-1216a94 (base 11) to base 9
-3876722
43dce (base 15) to base 7
1555664
1100000110110010011 (base 2) to base 6
12300311
Convert 1003312333001 (base 4) to base 11.
a050046
-352105 (base 8) to base 6
-2322553
What is -a5a19 (base 14) in base 5?
-100243423
-5522355 (base 6) to base 10
-275327
-18172707 (base 10) to base 5
-14123011312
4304239 (base 11) to base 12
2653825
150632 (base 7) to base 10
29129
Convert -305408 (base 9) to base 12.
-88998
Convert 10357 (base 15) to base 11.
35671
Convert -7b2da9 (base 15) to base 6.
-330025010
Convert -1122130112 (base 4) to base 14.
-99010
Convert -10cd44 (base 14) to base 3.
-1002010111120
What is 200020100102 (base 3) in base 15?
71532
What is 122002112212 (base 3) in base 5?
41231340
Convert 6053064 (base 7) to base 14.
14a034
What is 65100 (base 13) in base 2?
101100100011111000
What is -4431224423 (base 5) in base 2?
-100100101111110101011001
What is -300020332 (base 5) in base 13?
-321016
What is 14a623 (base 14) in base 2?
10101111110100000111
120222100022201 (base 3) to base 15
b2a914
Convert 147863 (base 9) to base 2.
10110001111011101
What is -59691 (base 11) in base 9?
-140876
Convert 1460537 (base 13) to base 8.
30570416
-1002210330 (base 4) to base 12
-111990
312220221 (base 4) to base 2
110110101000101001
3632b15 (base 13) 